{"id":91,"date":"2016-10-02T12:54:14","date_gmt":"2016-10-02T10:54:14","guid":{"rendered":"http:\/\/sk4kr.se\/?page_id=91"},"modified":"2016-10-02T12:54:14","modified_gmt":"2016-10-02T10:54:14","slug":"trafiknat","status":"publish","type":"page","link":"http:\/\/sk4kr.se\/index.php\/trafiknat\/","title":{"rendered":"Trafikn\u00e4t"},"content":{"rendered":"<p>Klubben h\u00e5ller ett trafikn\u00e4t \u00f6ver v\u00e5r repeater varje s\u00f6ndag klockan 10.00.<\/p>\n<p>D\u00e5 diskuteras stora som sm\u00e5 saker. V\u00e4lkommen att checka in.<\/p>\n","protected":false},"excerpt":{"rendered":"<p>Klubben h\u00e5ller ett trafikn\u00e4t \u00f6ver v\u00e5r repeater varje s\u00f6ndag klockan 10.00. D\u00e5 diskuteras stora som sm\u00e5 saker. V\u00e4lkommen att checka in.<\/p>\n","protected":false},"author":1,"featured_media":0,"parent":0,"menu_order":0,"comment_status":"closed","ping_status":"closed","template":"","meta":{"footnotes":""},"class_list":["post-91","page","type-page","status-publish","hentry"],"_links":{"self":[{"href":"http:\/\/sk4kr.se\/index.php\/wp-json\/wp\/v2\/pages\/91","targetHints":{"allow":["GET"]}}],"collection":[{"href":"http:\/\/sk4kr.se\/index.php\/wp-json\/wp\/v2\/pages"}],"about":[{"href":"http:\/\/sk4kr.se\/index.php\/wp-json\/wp\/v2\/types\/page"}],"author":[{"embeddable":true,"href":"http:\/\/sk4kr.se\/index.php\/wp-json\/wp\/v2\/users\/1"}],"replies":[{"embeddable":true,"href":"http:\/\/sk4kr.se\/index.php\/wp-json\/wp\/v2\/comments?post=91"}],"version-history":[{"count":1,"href":"http:\/\/sk4kr.se\/index.php\/wp-json\/wp\/v2\/pages\/91\/revisions"}],"predecessor-version":[{"id":92,"href":"http:\/\/sk4kr.se\/index.php\/wp-json\/wp\/v2\/pages\/91\/revisions\/92"}],"wp:attachment":[{"href":"http:\/\/sk4kr.se\/index.php\/wp-json\/wp\/v2\/media?parent=91"}],"curies":[{"name":"wp","href":"https:\/\/api.w.org\/{rel}","templated":true}]}}